 - 29. Is 5864/(-16)*(n + 0 + -2) a prime number?
False
Let u(z) = 3*z**2 + 4*z - 2. Let w be -3 - -4*(0 - -6). Let t be w/(-4) + 2/8. Is u(t) a composite number?
False
Let z(m) = -m**3 + 15*m**2 - 11*m - 17. Suppose -3*n + 79 = 5*d, -2*d - 2*n + 23 = -11. Is z(d) a prime number?
False
Let b(t) = 2939*t - 234. Is b(5) prime?
True
Is ((-78284)/6)/((-14)/(-42) - 1) a prime number?
True
Let u be 33980/(-13) + 30/(-195). Let l be -2 - (-1 - -2)*u. Suppose 5*s - l = s. Is s a composite number?
False
Suppose 5*a - 53327 = 31728. Is a a composite number?
False
Let o = 27 + -27. Suppose 3*u + 4*x = 1415, -2*u + 940 = x - o*x. Is u composite?
True
Let z be 162/4 + (-10)/4. Suppose -3*j + 49 = o + 9, -5*j = o - z. Is o prime?
True
Suppose -3*r + i = -72462, 3*r - 4*r + 24167 = 4*i. Is r a composite number?
True
Let h = 19418 + 11397. Is h a composite number?
True
Suppose -8*f + 34*f = 4602. Is f prime?
False
Let g be 177/(-3) + 2*-1. Let s be ((-47)/(-2))/((-5)/(-40)). Let a = s + g. Is a a prime number?
True
Let z be ((-1)/(-2))/((-1)/16). Let q be z/(-10)*(-10)/4. Is 3 + -1 + q + 127 a prime number?
True
Suppose -4*n - 4 = -2*q, -10 + 0 = -n - 5*q. Let g(b) = -6*b + 3*b - 3*b + n*b**2 + b**2 - 13. Is g(9) a composite number?
True
Is (-11083 + -1)*(-28)/112 a prime number?
False
Suppose -76 = 3*f + f. Let d = f - -19. Suppose d = 2*n - 22 - 6. Is n a prime number?
False
Suppose 0 = 5*z + 25, a + 5*z + 23 = -0*z. Let y(c) = 13*c**3 + 1 - 5*c**2 - 4*c**2 + 6*c**2 + a*c. Is y(3) prime?
True
Is 0 - (-1546 + (-72)/(-8)) composite?
True
Let j = 0 + 3. Suppose -2*w = -5*w + j. Let g(q) = 108*q**3 + 2*q**2 - 1. Is g(w) composite?
False
Suppose -7*d + 12 = -d. Let f(a) = -3*a - 3*a**2 + 0*a**2 + 2*a**2 + 3 + 26*a**3 + 0. Is f(d) composite?
True
Suppose -6*v = 96 + 18. Let k = v - -95. Let i = 15 + k. Is i prime?
False
Let t(f) = 17*f - 6. Let l = 11 - 16. Let y(x) = 8*x - 3. Let i(r) = l*y(r) + 2*t(r). Is i(-8) a prime number?
False
Let j be (-1 + 4053/12)*-48. Is 2*(j/(-8))/9 prime?
True
Let x be (-4)/(-14) + 323215/35. Suppose -8*m + 3*m = -x. Is m a prime number?
True
Let b = 119 - 75. Suppose o + 0 + 5 = 0, -3*o = -y - 4. Let c = b + y. Is c a prime number?
False
Suppose 11*x - 6*x = 5*f, 2*x = 3*f - 4. Suppose f*t - 10 - 2 = 0. Suppose a = -2*k + 12, -5*k - 47 = t*a - 4*a. Is a a composite number?
True
Let i be (-1 - 39/(-9))/((-2)/6). Let x(a) = -12*a - 7. Is x(i) a prime number?
True
Suppose 4*o + 16060 = 51608. Is o a composite number?
False
Let s = -520 + 587. Is s prime?
True
Let o(p) = 14*p**2 - 11*p + 36. Is o(-17) prime?
False
Let u = 43 - 41. Let w(g) = 73*g**2 - 3*g + 5. Is w(u) a prime number?
False
Let g(a) = -a - 17. Let k be g(-16). Is 722 + (-3)/(0 - k/1) composite?
False
Let r(h) = h**3 - 10*h**2 + 8*h + 9. Let d be r(9). Suppose 3*t - 4*t + 835 = d. Is t a prime number?
False
Suppose 5*h = 0, 4*t - 3*h - 3244 = -h. Suppose 2*i + 3*i + 2*q - t = 0, -644 = -4*i - 4*q. Is i prime?
True
Let g = 7213 - 4650. Is g a prime number?
False
Let c(t) = 204*t + 1. Suppose -2*u + 0*f = f - 16, 3*u - 38 = 2*f. Is c(u) a composite number?
True
Let q(m) = 19*m**2 - m + 35. Let x(o) = -o**2 - 1. Let f(d) = q(d) - 3*x(d). Is f(9) a composite number?
False
Let t = 50 + -30. Suppose 11*i = 6*i + t. Is i/3*81/18 prime?
False
Let a be ((-3)/(-4))/((-5)/(-5740)). Is (a/(-9))/(1/(-3)) prime?
False
Let c(l) = 589*l**2 - 7*l + 51. Is c(8) composite?
False
Suppose -3321 - 24080 = -11*r. Is r prime?
False
Let u(t) = -2*t - 27. Let p be u(-16). Suppose n + 3*x - 289 = 0, 0 = -p*n + x + 1063 + 430. Is n a composite number?
True
Let c(z) = 177*z**2 + z - 3. Let d(g) = -g**3 + 11*g**2 - 10*g - 2. Suppose 0 = -3*p - 10 + 40. Let v be d(p). Is c(v) prime?
False
Let m(g) = -g**3 - 11*g**2 + 9*g - 19. Let n be m(-12). Let d = 70 - n. Is d a prime number?
True
Let n = -11 + 7. Suppose -5*w = 4*c + 8 + 4, w = 3*c + 28. Is 4/c - 806/n a composite number?
True
Let o(p) = -4*p + 8*p - 5*p. Let n be o(-9). Let w(h) = 7*h - 12. Is w(n) prime?
False
Suppose 31052 = 5*o + 357. Is o a composite number?
True
Suppose 0 = 4*c - 5*c - 3*z, 0 = -5*c + 5*z + 20. Suppose -4*x - 2 + 18 = 3*i, -3*i - c*x + 15 = 0. Let k(f) = 16*f**2 - f + 1. Is k(i) a prime number?
False
Let g = -12 - -18. Suppose 0 = f - g*f + 315. Let l = 60 + f. Is l prime?
False
Let m(g) = 32*g + 2. Let r be m(1). Suppose -r - 346 = -2*d. Suppose -p - 4*p + d = 0. Is p prime?
False
Let d = -115 + -52. Let y = -72 - d. Is y composite?
True
Suppose 4*r = -r + 14695. Is r composite?
False
Suppose 0 = 391*o - 404*o + 94939. Is o prime?
False
Let v = 110 - 20. Let x(n) = -n**3 - 11*n**2 - 12*n - 5. Let h be x(-9). Let w = h + v. Is w a composite number?
False
Let z = 65 - 61. Suppose -507 = -4*p - 5*v, -2*v + 338 + 184 = z*p. Is p a composite number?
True
Suppose -804 = 3*g + 1863. Let v = 40 - g. Is v composite?
False
Let u(j) be the first derivative of -5 - 3*j + 3/2*j**2 - 3/2*j**4 - 1/3*j**3. Is u(-3) composite?
True
Let p(b) = b**3 + 4*b**2 - 5*b + 5. Let d be p(-5). Let a be (2 - 0)/(10/d). Is ((-21)/(-12))/(a/76) composite?
True
Let v(q) = 2018*q**2 + 4*q - 1. Is v(-2) prime?
False
Let p(a) = 5*a**3 - 2*a**3 - 2*a**3 - 3 - 3*a. Is p(10) a prime number?
True
Suppose -7*d = -2735 - 408. Is d composite?
False
Is 2998*3*(-2)/(-12) prime?
True
Let d = -1633 - -8154. Is d prime?
True
Suppose 11*i + 454 = 1279. Let s be (1/(-3))/(1/(-6)). Is (i - -12) + s + 0 a prime number?
True
Let x(c) = -c**2 + 11*c - 8. Let d be x(17). Suppose -13 = -2*s - 69. Let b = s - d. Is b composite?
True
Let g = 24 - -97. Is g composite?
True
Suppose -p - 3*a = 11, -3*a = -2*p - 3*p - 1. Let x(b) = -54*b**3 + b**2 - b + 1. Is x(p) prime?
True
Let l(f) = f**3 + 2*f + 2. Let z be l(-1). Suppose -3*u = -5 - 1. Is (-59)/(z/2*u) prime?
True
Let y(d) = 93*d**2 - 2*d - 3. Is y(4) a prime number?
False
Suppose 0 = -t + p + 1165, 1740 = -3*t - 2*p + 5255. Is t prime?
False
Let c be (74/333)/(2/(-18)). Let g = 2 - 3. Is (-652)/c - -2 - g prime?
False
Let o = -32 + 34. Suppose 3*r - o*y = 8823, -9410 + 581 = -3*r + 4*y. Is r composite?
False
Suppose y + 9 = -2*y. Let k = -6 - y. Is (-114)/(-15) - k/(-5) a composite number?
False
Let d(g) = g**3 + 5*g**2 - 9*g - 15. Let i be d(-6). Suppose i*t = -3*j - j + 605, 0 = -j - 3*t + 158. Is j a composite number?
False
Let q(y) = 10*y**3 + 4*y**2 + 2*y - 11. Let k be q(4). Suppose -2103 = -3*z - 3*b, -7*b + 3*b = -z + k. Is z a prime number?
True
Let y(f) = 121*f**2 - 26*f + 127. Is y(6) composite?
False
Suppose 2005 = 4*t - 3*i, -4*t + 944 + 1062 = -2*i. Is t composite?
True
Suppose -5*a - 16 = -3*a - 2*f, 4*a + 2*f = -62. Let r(d) = -89*d - 14. Let z be r(a). Suppose 3*o - 2*g = -5*g + z, -4*o + 2*g + 1500 = 0. Is o prime?
False
Let y(h) = 20*h**3 + h**2 + 58*h - 4. Let t(j) = -13*j**3 - j**2 - 39*j + 3. Let w(m) = -8*t(m) - 5*y(m). Is w(9) composite?
True
Let y(a) = -a**3 + 8*a**2 - 7*a - 6. Let v(w) = w**3 - 8*w**2 + 7*w + 6. Let b(j) = 6*v(j) + 7*y(j). Let o be b(6). Suppose 3*p - 138 = -o. Is p prime?
False
Let f(c) = -5*c**2 - 5*c - 6. Let q(z) = -z**2. Let i(x) = f(x) - 6*q(x). Let k be i(6). Suppose k = l - 0*l - 95. Is l a prime number?
False
Suppose -227 = -3*i + 5*k, 3*k = 4*i - 232 - 78. Is i prime?
True
Suppose -5*m + 2 = 27, -z = 5*m - 1055. Suppose -203 = x - z. Is x prime?
True
Let p = 10 + -3. Let h(n) = -n**3 + 7*n**2 + n. Let k be h(p). Let q(u) = 3*u**2 - 3*u + 1. Is q(k) a composite number?
False
Let y(c) = -c**3 + 4*c**2 - 4*c - 1. Let t be y(3). Let k(r) = -2*r - 6. Let m be k(t). Suppose 0*f = m*f - 130. Is f composite?
True
Suppose 0 = 6*c - 3*c + 5*s - 8989, -6000 = -2*c + 4*s. Is (c/(-10))/(11/(-55)) prime?
True
Suppose -3*j - 7 + 29 = -5*w, -18 = 4*w - 2*j. Let t be 3 + 0/w + 4. Is 629 - t/((-35)/20) composite?
True
Let q be 125/50*(0/1 + 2). Is (q - 4) + 3 + 385 composite?
False
Suppose -41 = 5*d + 99. Is (-27)/9 - d/(-1)*-2 composite?
False
Let a = -6615 - -53302. Is a prime?
True
Suppose 33802 = 5*j - 54458. Suppose -j = -4*h + 4*z, 4*z = -h - 0*z + 4393. Is h prime?
True
Suppose -3*h = -4*i - 30236 - 2415, 4*h - 43503 = -i. Is h a composite number?
True
Let y(s) = 1497*s**3 + 3*s + 7. Is y(3) composite?
True
Suppose 9*u = 36523 + 65204. Is u composite?
True
Let z(n) = -n**2 + 2. Le